{"id":1375,"date":"2026-02-23T13:41:39","date_gmt":"2026-02-23T12:41:39","guid":{"rendered":"https:\/\/pilatesinthecity.fr\/le-puy-en-velay\/?page_id=1375"},"modified":"2026-02-27T11:39:45","modified_gmt":"2026-02-27T10:39:45","slug":"carte-cadeau","status":"publish","type":"page","link":"https:\/\/pilatesinthecity.fr\/le-puy-en-velay\/carte-cadeau\/","title":{"rendered":"Carte cadeau"},"content":{"rendered":"\t\t<div data-elementor-type=\"wp-page\" data-elementor-id=\"1375\" class=\"elementor elementor-1375\" data-elementor-post-type=\"page\">\n\t\t\t\t<div class=\"elementor-element elementor-element-afccabe e-flex e-con-boxed e-con e-parent\" data-id=\"afccabe\" data-element_type=\"container\" data-e-type=\"container\" data-settings=\"{&quot;background_background&quot;:&quot;classic&quot;}\">\n\t\t\t\t\t<div class=\"e-con-inner\">\n\t\t\t\t<div class=\"elementor-element elementor-element-341c1c5 elementor-widget elementor-widget-heading\" data-id=\"341c1c5\" data-element_type=\"widget\" data-e-type=\"widget\" data-widget_type=\"heading.default\">\n\t\t\t\t<div class=\"elementor-widget-container\">\n\t\t\t\t\t<h2 class=\"elementor-heading-title elementor-size-default\">Carte Cadeau Pilates in the City<\/h2>\t\t\t\t<\/div>\n\t\t\t\t<\/div>\n\t\t\t\t<div class=\"elementor-element elementor-element-ea89fe1 elementor-widget elementor-widget-text-editor\" data-id=\"ea89fe1\" data-element_type=\"widget\" data-e-type=\"widget\" data-widget_type=\"text-editor.default\">\n\t\t\t\t<div class=\"elementor-widget-container\">\n\t\t\t\t\t\t\t\t\t<p><em>Offrez plus qu\u2019un cadeau : <strong>offrez une exp\u00e9rience.<\/strong><\/em><\/p>\t\t\t\t\t\t\t\t<\/div>\n\t\t\t\t<\/div>\n\t\t\t\t<div class=\"elementor-element elementor-element-e5b4221 elementor-widget elementor-widget-heading\" data-id=\"e5b4221\" data-element_type=\"widget\" data-e-type=\"widget\" data-widget_type=\"heading.default\">\n\t\t\t\t<div class=\"elementor-widget-container\">\n\t\t\t\t\t<h2 class=\"elementor-heading-title elementor-size-default\">Disponible en version 100% digitale en quelques clics seulement.<\/h2>\t\t\t\t<\/div>\n\t\t\t\t<\/div>\n\t\t\t\t<div class=\"elementor-element elementor-element-09aeac2 elementor-widget elementor-widget-shortcode\" data-id=\"09aeac2\" data-element_type=\"widget\" data-e-type=\"widget\" data-widget_type=\"shortcode.default\">\n\t\t\t\t<div class=\"elementor-widget-container\">\n\t\t\t\t\t\t\t<div class=\"elementor-shortcode\"><healcode-widget\n        data-version=\"0.2\"\n        data-link-class=\"healcode-gift-card-text-link\"\n        data-site-id=\"131947\"\n\t    data-mb-site-id=\"5750552\"\n        data-service-id=\"70\"\n        data-bw-identity-site=\"true\"\n        data-type=\"gift-card-link\"\n        data-inner-html=\"Je commande une carte cadeau\">\n    <\/healcode-widget><\/div>\n\t\t\t\t\t\t<\/div>\n\t\t\t\t<\/div>\n\t\t\t\t\t<\/div>\n\t\t\t\t<\/div>\n\t\t<div class=\"elementor-element elementor-element-ec32fca e-con-full e-flex e-con e-parent\" data-id=\"ec32fca\" data-element_type=\"container\" data-e-type=\"container\" data-settings=\"{&quot;background_background&quot;:&quot;classic&quot;}\">\n\t\t<div class=\"elementor-element elementor-element-465c9f7 e-con-full e-flex e-con e-child\" data-id=\"465c9f7\" data-element_type=\"container\" data-e-type=\"container\">\n\t\t<div class=\"elementor-element elementor-element-8b7bc49 limite-droite e-flex e-con-boxed e-con e-child\" data-id=\"8b7bc49\" data-element_type=\"container\" data-e-type=\"container\">\n\t\t\t\t\t<div class=\"e-con-inner\">\n\t\t\t\t<div class=\"elementor-element elementor-element-8232c34 elementor-widget elementor-widget-heading\" data-id=\"8232c34\" data-element_type=\"widget\" data-e-type=\"widget\" data-widget_type=\"heading.default\">\n\t\t\t\t<div class=\"elementor-widget-container\">\n\t\t\t\t\t<h2 class=\"elementor-heading-title elementor-size-default\">Une id\u00e9e cadeau bien-\u00eatre<br \/>qui fait vraiment plaisir<\/h2>\t\t\t\t<\/div>\n\t\t\t\t<\/div>\n\t\t\t\t<div class=\"elementor-element elementor-element-ab327ea elementor-widget elementor-widget-spacer\" data-id=\"ab327ea\" data-element_type=\"widget\" data-e-type=\"widget\" data-widget_type=\"spacer.default\">\n\t\t\t\t<div class=\"elementor-widget-container\">\n\t\t\t\t\t\t\t<div class=\"elementor-spacer\">\n\t\t\t<div class=\"elementor-spacer-inner\"><\/div>\n\t\t<\/div>\n\t\t\t\t\t\t<\/div>\n\t\t\t\t<\/div>\n\t\t\t\t<div class=\"elementor-element elementor-element-9379c9b elementor-widget elementor-widget-text-editor\" data-id=\"9379c9b\" data-element_type=\"widget\" data-e-type=\"widget\" data-widget_type=\"text-editor.default\">\n\t\t\t\t<div class=\"elementor-widget-container\">\n\t\t\t\t\t\t\t\t\t<p>Offrir une carte cadeau Pilates Reformer, c\u2019est offrir un<br \/>moment pour soi dans un studio premium.<\/p><p><br \/>Une exp\u00e9rience encadr\u00e9e par des coachs certifi\u00e9s, accessible<br \/>aux d\u00e9butants comme aux pratiquants confirm\u00e9s, pour se<br \/>renforcer, se recentrer et se sentir bien.<\/p><p><br \/>La carte cadeau est valable pour les cours de Pilates Reformer<br \/>et au coffee shop du studio.<\/p><p><br \/><strong>Vous souhaitez offrir un bon cadeau physique ?<\/strong><br \/>Rendez-vous directement en studio : nos \u00e9quipes vous<br \/>pr\u00e9parent une carte \u00e9l\u00e9gante pr\u00eate \u00e0 offrir.<\/p>\t\t\t\t\t\t\t\t<\/div>\n\t\t\t\t<\/div>\n\t\t\t\t\t<\/div>\n\t\t\t\t<\/div>\n\t\t\t\t<\/div>\n\t\t<div class=\"elementor-element elementor-element-3a43c5a e-con-full e-flex e-con e-child\" data-id=\"3a43c5a\" data-element_type=\"container\" data-e-type=\"container\" data-settings=\"{&quot;background_background&quot;:&quot;classic&quot;}\">\n\t\t\t\t<\/div>\n\t\t\t\t<\/div>\n\t\t<div class=\"elementor-element elementor-element-9088278 e-con-full e-flex e-con e-parent\" data-id=\"9088278\" data-element_type=\"container\" data-e-type=\"container\" data-settings=\"{&quot;background_background&quot;:&quot;classic&quot;}\">\n\t\t<div class=\"elementor-element elementor-element-71432e7 e-con-full e-flex e-con e-child\" data-id=\"71432e7\" data-element_type=\"container\" data-e-type=\"container\" data-settings=\"{&quot;background_background&quot;:&quot;classic&quot;}\">\n\t\t\t\t<\/div>\n\t\t<div class=\"elementor-element elementor-element-26b89ae e-con-full e-flex e-con e-child\" data-id=\"26b89ae\" data-element_type=\"container\" data-e-type=\"container\">\n\t\t<div class=\"elementor-element elementor-element-6c59168 limite-gauche e-flex e-con-boxed e-con e-child\" data-id=\"6c59168\" data-element_type=\"container\" data-e-type=\"container\">\n\t\t\t\t\t<div class=\"e-con-inner\">\n\t\t\t\t<div class=\"elementor-element elementor-element-b295727 elementor-widget__width-initial elementor-widget elementor-widget-heading\" data-id=\"b295727\" data-element_type=\"widget\" data-e-type=\"widget\" data-widget_type=\"heading.default\">\n\t\t\t\t<div class=\"elementor-widget-container\">\n\t\t\t\t\t<span class=\"elementor-heading-title elementor-size-default\">Comment fonctionne<br \/>la carte cadeau<br \/> Pilates in the City ?<\/span>\t\t\t\t<\/div>\n\t\t\t\t<\/div>\n\t\t\t\t\t<\/div>\n\t\t\t\t<\/div>\n\t\t\t\t<div class=\"elementor-element elementor-element-ff4764d elementor-widget elementor-widget-text-editor\" data-id=\"ff4764d\" data-element_type=\"widget\" data-e-type=\"widget\" data-widget_type=\"text-editor.default\">\n\t\t\t\t<div class=\"elementor-widget-container\">\n\t\t\t\t\t\t\t\t\t<p>L\u2019achat d\u2019une carte cadeau Pilates en ligne est simple et rapide :<\/p>\t\t\t\t\t\t\t\t<\/div>\n\t\t\t\t<\/div>\n\t\t\t\t<div class=\"elementor-element elementor-element-11b8310 elementor-widget elementor-widget-heading\" data-id=\"11b8310\" data-element_type=\"widget\" data-e-type=\"widget\" data-widget_type=\"heading.default\">\n\t\t\t\t<div class=\"elementor-widget-container\">\n\t\t\t\t\t<span class=\"elementor-heading-title elementor-size-default\">Choisissez le bon studio<\/span>\t\t\t\t<\/div>\n\t\t\t\t<\/div>\n\t\t\t\t<div class=\"elementor-element elementor-element-7fcd3f1 elementor-widget elementor-widget-text-editor\" data-id=\"7fcd3f1\" data-element_type=\"widget\" data-e-type=\"widget\" data-widget_type=\"text-editor.default\">\n\t\t\t\t<div class=\"elementor-widget-container\">\n\t\t\t\t\t\t\t\t\tVeillez \u00e0 s\u00e9lectionner le studio concern\u00e9 lors de votre commande<br\/>\n(<strong>Saint-\u00c9tienne<\/strong> ou <strong>Le Puy-en-Velay<\/strong>).<br\/>\nChaque carte cadeau est valable dans le studio choisi au moment de l\u2019achat.\t\t\t\t\t\t\t\t<\/div>\n\t\t\t\t<\/div>\n\t\t\t\t<div class=\"elementor-element elementor-element-e4fa531 elementor-widget elementor-widget-heading\" data-id=\"e4fa531\" data-element_type=\"widget\" data-e-type=\"widget\" data-widget_type=\"heading.default\">\n\t\t\t\t<div class=\"elementor-widget-container\">\n\t\t\t\t\t<span class=\"elementor-heading-title elementor-size-default\">S\u00e9lectionnez le montant<\/span>\t\t\t\t<\/div>\n\t\t\t\t<\/div>\n\t\t\t\t<div class=\"elementor-element elementor-element-ee13ac6 elementor-widget elementor-widget-text-editor\" data-id=\"ee13ac6\" data-element_type=\"widget\" data-e-type=\"widget\" data-widget_type=\"text-editor.default\">\n\t\t\t\t<div class=\"elementor-widget-container\">\n\t\t\t\t\t\t\t\t\t<p><strong>Vous pouvez :<\/strong><br \/>Choisir un montant pr\u00e9d\u00e9fini<br \/><em>Ou<\/em> opter pour un montant libre, selon votre budget<\/p>\t\t\t\t\t\t\t\t<\/div>\n\t\t\t\t<\/div>\n\t\t\t\t<div class=\"elementor-element elementor-element-7e92bc8 elementor-widget elementor-widget-heading\" data-id=\"7e92bc8\" data-element_type=\"widget\" data-e-type=\"widget\" data-widget_type=\"heading.default\">\n\t\t\t\t<div class=\"elementor-widget-container\">\n\t\t\t\t\t<span class=\"elementor-heading-title elementor-size-default\">Utilisation<\/span>\t\t\t\t<\/div>\n\t\t\t\t<\/div>\n\t\t\t\t<div class=\"elementor-element elementor-element-55f7a06 elementor-widget elementor-widget-text-editor\" data-id=\"55f7a06\" data-element_type=\"widget\" data-e-type=\"widget\" data-widget_type=\"text-editor.default\">\n\t\t\t\t<div class=\"elementor-widget-container\">\n\t\t\t\t\t\t\t\t\t<p><strong>Elle est utilisable :<\/strong><br \/>Pour les cours de Pilates Reformer<br \/>Pour les produits et consommations au coffee shop Pilates in the City<br \/>Apr\u00e8s achat, la carte cadeau digitale est envoy\u00e9e par email et peut \u00eatre utilis\u00e9e imm\u00e9diatement.<\/p>\t\t\t\t\t\t\t\t<\/div>\n\t\t\t\t<\/div>\n\t\t\t\t<div class=\"elementor-element elementor-element-9130e5c elementor-widget elementor-widget-text-editor\" data-id=\"9130e5c\" data-element_type=\"widget\" data-e-type=\"widget\" data-widget_type=\"text-editor.default\">\n\t\t\t\t<div class=\"elementor-widget-container\">\n\t\t\t\t\t\t\t\t\t<p><br \/><strong><em>Validit\u00e9<\/em><\/strong><br \/><em>La carte cadeau est valable 1 an \u00e0 compter de la date d\u2019achat.<\/em><\/p>\t\t\t\t\t\t\t\t<\/div>\n\t\t\t\t<\/div>\n\t\t\t\t<\/div>\n\t\t\t\t<\/div>\n\t\t\t\t<\/div>\n\t\t","protected":false},"excerpt":{"rendered":"<p>Carte Cadeau Pilates in the City Offrez plus qu\u2019un cadeau : offrez une exp\u00e9rience. Disponible en version 100% digitale en quelques clics seulement. Une id\u00e9e cadeau bien-\u00eatrequi fait vraiment plaisir Offrir une carte cadeau Pilates Reformer, c\u2019est offrir unmoment pour soi dans un studio premium. Une exp\u00e9rience encadr\u00e9e par des coachs certifi\u00e9s, accessibleaux d\u00e9butants comme [&hellip;]<\/p>\n","protected":false},"author":1,"featured_media":0,"parent":0,"menu_order":0,"comment_status":"closed","ping_status":"closed","template":"","meta":{"footnotes":""},"class_list":["post-1375","page","type-page","status-publish","hentry"],"_links":{"self":[{"href":"https:\/\/pilatesinthecity.fr\/le-puy-en-velay\/wp-json\/wp\/v2\/pages\/1375","targetHints":{"allow":["GET"]}}],"collection":[{"href":"https:\/\/pilatesinthecity.fr\/le-puy-en-velay\/wp-json\/wp\/v2\/pages"}],"about":[{"href":"https:\/\/pilatesinthecity.fr\/le-puy-en-velay\/wp-json\/wp\/v2\/types\/page"}],"author":[{"embeddable":true,"href":"https:\/\/pilatesinthecity.fr\/le-puy-en-velay\/wp-json\/wp\/v2\/users\/1"}],"replies":[{"embeddable":true,"href":"https:\/\/pilatesinthecity.fr\/le-puy-en-velay\/wp-json\/wp\/v2\/comments?post=1375"}],"version-history":[{"count":16,"href":"https:\/\/pilatesinthecity.fr\/le-puy-en-velay\/wp-json\/wp\/v2\/pages\/1375\/revisions"}],"predecessor-version":[{"id":1395,"href":"https:\/\/pilatesinthecity.fr\/le-puy-en-velay\/wp-json\/wp\/v2\/pages\/1375\/revisions\/1395"}],"wp:attachment":[{"href":"https:\/\/pilatesinthecity.fr\/le-puy-en-velay\/wp-json\/wp\/v2\/media?parent=1375"}],"curies":[{"name":"wp","href":"https:\/\/api.w.org\/{rel}","templated":true}]}}